346 and 1272.
318
Calculate the greatest common factor of 662 and 386.
2
Calculate the highest common factor of 6497 and 78943.
89
What is the greatest common divisor of 23482 and 59?
59
Calculate the greatest common divisor of 171 and 106248.
57
What is the highest common divisor of 892 and 14804?
4
What is the highest common factor of 1006 and 861639?
503
What is the greatest common factor of 6798175 and 75?
25
What is the highest common divisor of 33 and 110407?
11
Calculate the highest common divisor of 226 and 13272302.
226
What is the highest common factor of 26367 and 132?
33
What is the greatest common factor of 13046 and 20438?
22
Calculate the highest common factor of 151457 and 3421.
311
Calculate the greatest common factor of 18653 and 46.
23
What is the highest common factor of 83 and 791239?
83
Calculate the greatest common divisor of 134 and 9045.
67
What is the greatest common divisor of 21280 and 54040?
280
Calculate the highest common factor of 952258 and 62.
62
What is the greatest common divisor of 2090 and 22040?
190
What is the highest common divisor of 4750 and 4?
2
Calculate the greatest common factor of 355 and 877418.
71
What is the greatest common divisor of 8694 and 746442?
1242
Calculate the greatest common factor of 144 and 109104.
48
What is the highest common divisor of 9 and 71241?
3
What is the highest common factor of 497412 and 288?
36
What is the greatest common factor of 511800 and 3000?
600
What is the greatest common factor of 1196 and 595907?
299
Calculate the highest common divisor of 18891 and 1421023.
2099
Calculate the highest common divisor of 4346128 and 1168.
1168
Calculate the greatest common divisor of 2680 and 40870.
670
What is the highest common factor of 1170 and 15885?
45
What is the greatest common divisor of 70816 and 8?
8
What is the greatest common divisor of 84 and 68352?
12
What is the highest common divisor of 165521 and 412?
103
Calculate the highest common divisor of 10850 and 4725.
175
Calculate the highest common divisor of 18494 and 266.
14
Calculate the greatest common divisor of 6310 and 90.
10
Calculate the highest common divisor of 6318 and 39.
39
Calculate the highest common factor of 165363 and 1782.
33
Calculate the greatest common factor of 1384 and 452914.
346
What is the highest common factor of 897 and 9177?
69
Calculate the greatest common factor of 456 and 9728.
152
Calculate the highest common factor of 369 and 402784.
41
What is the highest common divisor of 103059 and 7590?
33
What is the highest common divisor of 114780 and 3540?
60
Calculate the highest common factor of 26 and 8896.
2
What is the highest common factor of 194782 and 14?
14
What is the greatest common divisor of 77855 and 230?
115
What is the greatest common divisor of 2523 and 8787?
87
What is the highest common divisor of 2527 and 12996?
361
Calculate the highest common divisor of 60660 and 36.
36
Calculate the highest common divisor of 39730 and 82748.
274
Calculate the greatest common factor of 476 and 204442.
238
Calculate the greatest common factor of 540 and 93825.
135
Calculate the highest common factor of 283155 and 1290.
645
What is the greatest common divisor of 28 and 2188?
4
What is the highest common factor of 13498 and 119894?
794
What is the highest common divisor of 4811289 and 85?
17
What is the greatest common divisor of 29550 and 150?
150
What is the greatest common divisor of 115 and 497030?
115
Calculate the highest common divisor of 835 and 280.
5
What is the highest common divisor of 6180 and 120?
60
What is the highest common factor of 6567 and 957?
33
Calculate the highest common factor of 4418802 and 124.
62
What is the greatest common divisor of 413966 and 14?
14
Calculate the highest common factor of 265256 and 3976.
568
Calculate the highest common factor of 1424 and 16.
16
What is the greatest common factor of 14 and 2190503?
7
What is the greatest common divisor of 1683 and 3267?
99
What is the highest common divisor of 46 and 1067798?
46
What is the highest common factor of 3185 and 2327?
13
What is the highest common factor of 31395 and 3237?
39
What is the greatest common factor of 115 and 147015?
5
Calculate the highest common factor of 42 and 1414.
14
Calculate the highest common factor of 85125 and 167980.
1135
Calculate the greatest common divisor of 24 and 196872.
24
What is the greatest common divisor of 27 and 10077?
3
What is the highest common divisor of 217 and 1357769?
217
Calculate the greatest common divisor of 1305 and 3375.
45
Calculate the highest common factor of 441 and 57204.
63
Calculate the highest common divisor of 26434 and 7.
1
Calculate the greatest common divisor of 111 and 60717.
111
What is the greatest common factor of 4 and 2045?
1
Calculate the highest common factor of 12964 and 137511.
463
What is the greatest common factor of 198675 and 675?
225
Calculate the highest common divisor of 106 and 1128211.
53
Calculate the greatest common factor of 2384 and 24883.
149
What is the greatest common divisor of 112450 and 104?
26
What is the greatest common divisor of 1064 and 586796?
532
What is the highest common divisor of 28 and 716268?
28
Calculate the highest common factor of 17 and 180421.
17
What is the highest common factor of 14578 and 7326?
74
Calculate the highest common divisor of 100 and 180525.
25
What is the highest common factor of 252 and 411348?
84
What is the highest common divisor of 1476 and 7544?
164
Calculate the greatest common factor of 49161 and 966.
21
What is the highest common divisor of 64575 and 100?
25
What is the greatest common factor of 114 and 1558?
38
Calculate the greatest common divisor of 16360 and 88.
8
Calculate the highest common divisor of 31 and 1024.
1
What is the highest common divisor of 19700 and 20260?
20
Calculate the greatest common divisor of 265800 and 4800.
600
What is the greatest common factor of 3417 and 27?
3
Calculate the highest common divisor of 1047 and 1704.
3
Calculate the highest common factor of 78 and 171262.
26
What is the greatest common divisor of 52 and 8616764?
52
What is the greatest common divisor of 12 and 16332?
12
What is the greatest common factor of 697 and 3852319?
697
What is the greatest common divisor of 951 and 15528?
3
Calculate the highest common divisor of 2 and 121294.
2
What is the highest common divisor of 1434 and 231113?
239
What is the greatest common divisor of 188851 and 7592?
949
What is the greatest common divisor of 11402 and 2?
2
Calculate the highest common factor of 474576 and 80.
16
Calculate the greatest common factor of 94236 and 174.
6
Calculate the highest common divisor of 760 and 2223.
19
What is the greatest common divisor of 2 and 411714?
2
What is the greatest common factor of 315439 and 453?
151
Calculate the highest common divisor of 150 and 5802.
6
Calculate the greatest common factor of 2275225 and 200.
25
Calculate the greatest common factor of 285 and 35511.
57
What is the greatest common divisor of 45790 and 30?
10
Calculate the greatest common factor of 9882 and 18910.
122
What is the greatest common divisor of 2538 and 67586?
94
What is the highest common factor of 48 and 64648?
8
What is the greatest common divisor of 1554 and 132608?
518
Calculate the greatest common factor of 6137 and 646.
323
What is the greatest common divisor of 850 and 6460?
170
Calculate the greatest common factor of 225 and 2173320.
45
What is the highest common factor of 17006 and 352?
22
What is the highest common divisor of 96376 and 280?
56
Calculate the greatest common divisor of 132356 and 163.
163
Calculate the greatest common factor of 133176 and 3401.
179
Calculate the greatest common divisor of 81 and 423225.
81
What is the greatest common factor of 510 and 2430?
30
Calculate the highest common divisor of 11384 and 20.
4
Calculate the greatest common factor of 9 and 20673.
9
What is the greatest common factor of 15668772 and 84?
84
Calculate the greatest common factor of 17784 and 1152.
72
What is the highest common factor of 85 and 62305?
85
Calculate the highest common divisor of 385 and 385220.
55
What is the greatest common factor of 89419 and 1478?
739
Calculate the greatest common factor of 45 and 16371.
9
What is the high